Is 1833305777 prime?
True
Is 1069210271 composite?
True
Is 19563329741 prime?
True
Is 31973372947 composite?
False
Is 2515794569 a composite number?
True
Is 5507399503 a composite number?
False
Is 69745457 a prime number?
True
Is 130851788983 composite?
False
Is 2528141563 prime?
False
Is 62663233961 prime?
False
Is 63132481 composite?
True
Is 109034641 prime?
True
Is 2184086533 a composite number?
True
Is 2434125089 composite?
True
Is 1174687343 a prime number?
False
Is 6136962077 composite?
True
Is 1295024639 a prime number?
True
Is 142789853 composite?
True
Is 3564731063 prime?
False
Is 164735261659 a composite number?
False
Is 1010068873 composite?
True
Is 4441838623 composite?
False
Is 9432221621 composite?
True
Is 17212692001 a prime number?
False
Is 67681343 composite?
False
Is 283924559057 a composite number?
True
Is 31583067917 a composite number?
True
Is 204426839993 prime?
False
Is 4347279623 a composite number?
False
Is 4146466847 a prime number?
True
Is 32249407627 prime?
True
Is 647591069 a prime number?
True
Is 3748189517 a composite number?
False
Is 117815377 composite?
False
Is 14152121227 prime?
True
Is 4360468415 a prime number?
False
Is 250460761 a prime number?
False
Is 11497329089 prime?
True
Is 92743036457 a composite number?
False
Is 87588289 prime?
True
Is 2489532889 a composite number?
False
Is 4622195157 prime?
False
Is 61944797 composite?
False
Is 4037214841 a prime number?
False
Is 9601931 a prime number?
True
Is 665238521 a composite number?
False
Is 148824385651 a prime number?
False
Is 2486143837 composite?
False
Is 24159495079 prime?
False
Is 7065035903 a composite number?
False
Is 566470117 a prime number?
True
Is 6278178437 prime?
False
Is 357671399 composite?
False
Is 4001665153 prime?
False
Is 1792318361 prime?
False
Is 30937809527 a composite number?
True
Is 1488826123 prime?
True
Is 122331385843 prime?
True
Is 197300629 composite?
True
Is 18055948363 a prime number?
False
Is 249090007 a prime number?
False
Is 6038684033 prime?
False
Is 1704332327 prime?
True
Is 14561482157 a prime number?
True
Is 149692783 a prime number?
False
Is 993748081 composite?
False
Is 57853986287 a composite number?
True
Is 12628243 composite?
False
Is 92636465783 a prime number?
True
Is 23956489027 a composite number?
True
Is 19896815501 a prime number?
True
Is 19704927161 a prime number?
True
Is 153677500411 composite?
True
Is 590783707 a prime number?
False
Is 3373800659 prime?
False
Is 112576148081 a prime number?
True
Is 319714193 a prime number?
True
Is 45420517433 composite?
True
Is 1001849362 a composite number?
True
Is 4465047589 composite?
True
Is 646346219 composite?
True
Is 57432481 a prime number?
True
Is 50808649 composite?
False
Is 568801111 composite?
True
Is 4874746393 a prime number?
False
Is 941140423 a composite number?
False
Is 1668157451 a composite number?
True
Is 4646566597 prime?
False
Is 49536443 prime?
False
Is 52591723 a prime number?
True
Is 3066871613 a prime number?
False
Is 8746833203 a prime number?
False
Is 156217096877 prime?
True
Is 3140516333 composite?
False
Is 11970479267 composite?
True
Is 24275286587 a prime number?
True
Is 483576823411 prime?
False
Is 26577048143 prime?
True
Is 546448573 a prime number?
False
Is 1601936711 composite?
True
Is 13868762641 a composite number?
False
Is 15023794087 a composite number?
False
Is 30205127 composite?
True
Is 5655532219 prime?
True
Is 1496982893 prime?
False
Is 5109300569 prime?
False
Is 11626614323 a prime number?
True
Is 991013033 a composite number?
True
Is 208385791 a composite number?
True
Is 3437345183 a prime number?
False
Is 137699220641 prime?
True
Is 8456785807 composite?
False
Is 1010549705681 composite?
False
Is 144250903 prime?
False
Is 30607510163 prime?
True
Is 912727903 a prime number?
False
Is 15816499673 prime?
False
Is 524388841 a composite number?
True
Is 5138067841 a composite number?
True
Is 2759696369 composite?
False
Is 93185437799 composite?
True
Is 3677619241 a prime number?
False
Is 6116438945 prime?
False
Is 66327789449 a composite number?
False
Is 21431591 a prime number?
False
Is 6607234937 a composite number?
True
Is 62039522491 a composite number?
True
Is 66773248043 composite?
False
Is 109882041751 prime?
True
Is 4842798973 a composite number?
False
Is 52927978157 prime?
False
Is 42796373701 a prime number?
True
Is 3145460641 a prime number?
True
Is 29692432999 a composite number?
True
Is 741823447 a prime number?
True
Is 2834062789 a composite number?
True
Is 36889829783 a prime number?
True
Is 563325313 prime?
True
Is 1973180263 a prime number?
True
Is 97212885589 a prime number?
True
Is 931167719 a prime number?
False
Is 24762120329 composite?
True
Is 6322261679 a composite number?
True
Is 3779638799 prime?
False
Is 696414307991 prime?
True
Is 4310104621 prime?
True
Is 63190170971 a composite number?
True
Is 1314520447 prime?
True
Is 4605311171 composite?
False
Is 42371285839 prime?
True
Is 276259661 a composite number?
True
Is 3937015039 a prime number?
True
Is 1320066239 composite?
True
Is 626078099 a composite number?
False
Is 100324717 a prime number?
False
Is 653836681 prime?
True
Is 583754089 a composite number?
True
Is 3481617271 a prime number?
False
Is 1303080193 prime?
False
Is 68379999823 prime?
True
Is 1401226301 a composite number?
False
Is 1380565093 a composite number?
False
Is 28894384658 a composite number?
True
Is 83542703 a prime number?
True
Is 52199286005 prime?
False
Is 2614245541 composite?
False
Is 710498211 a composite number?
True
Is 2852719385 a prime number?
False
Is 59811224133 a prime number?
False
Is 37655843413 composite?
False
Is 1278502559 prime?
True
Is 144484651 composite?
False
Is 804441167 prime?
True
Is 5166366641 a prime number?
True
Is 67399810031 prime?
False
Is 133943869 a prime number?
True
Is 3580436281 a composite number?
False
Is 549551489 a composite number?
True
Is 10912315207 a composite number?
True
Is 114276975583 composite?
False
Is 26989502359 a composite number?
True
Is 278789634763 a prime number?
True
Is 6809180681 composite?
False
Is 30035191079 prime?
False
Is 7999117339 a prime number?
True
Is 80265995 composite?
True
Is 2215682617 composite?
False
Is 301066411 composite?
False
Is 667392731 a prime number?
False
Is 25153469041 a composite number?
False
Is 1962291053 a composite number?
True
Is 63584533921 a prime number?
True
Is 578781583 prime?
True
Is 2965538629 a prime number?
False
Is 5268166 a composite number?
True
Is 2306179147 composite?
False
Is 3001609097 a composite number?
True
Is 298608151 a prime number?
False
Is 1200216131 prime?
True
Is 31848783907 prime?
True
Is 23759746823 composite?
False
Is 7971380923 composite?
True
Is 5613097187 a prime number?
False
Is 2321941681 a prime number?
True
Is 1568944283 a composite number?
True
Is 173972271013 a prime number?
False
Is 3624469363 a prime number?
False
Is 78563591 a prime number?
True
Is 4027176199 prime?
False
Is 34884094919 a composite number?
False
Is 79676453733 prime?
False
Is 23663295493 composite?
False
Is 50348899 a composite number?
False
Is 95394384049 prime?
True
Is 4388951141 a composite number?
True
Is 97916960963 composite?
False
Is 1153016123 a composite number?
True
Is 19765161287 a composite number?
False
Is 17928796762 a prime number?
False
Is 732872221 prime?
False
Is 2727083999 prime?
True
Is 6478494931 prime?
True
Is 5020332721 composite?
False
Is 4357899913 composite?
True
Is 665294323 composite?
True
Is 8665885043 prime?
True
Is 3767851777 a prime number?
False
Is 33443387 prime?
True
Is 5116693067 a prime number?
True
Is 21485966083 composite?
True
Is 36045284981 prime?
True
Is 175416428399 a prime number?
True
Is 6886212181 prime?
True
Is 88932026 a prime number?
False
Is 2939949611 a prime number?
False
Is 2040997381 a composite number?
True
Is 7523104711 a composite number?
False
Is 9689900339 composite?
True
Is 798867467 a composite number?
True
Is 80877920557 composite?
True
Is 40998087917 prime?
True
Is 365411041 prime?
False
Is 23740500787 a composite number?
False
Is 54233906479 composite?
True
Is 124509153 a prime number?
False
Is 24724964947 a composite number?
False
Is 87349081 a composite number?
True
Is 2524266473 prime?
False
Is 299807986031 compo